3 - q**2 - 3*q - 2. Let k be f(-1). Let c = k - -11. What are the prime factors of c?
2, 3
Let p = 10 + 2. Suppose i + p = 5*i. List the prime factors of (i - -1)/(2/2).
2
Let p(z) = -7*z**2 + 3. Let b(j) = 13*j**2 + j - 7. Let u(n) = -6*b(n) - 11*p(n). Let r be u(-7). Let w = r + 5. What are the prime factors of w?
7
Suppose -4*f + 2*z + 110 = -2*f, -f = 2*z - 46. List the prime factors of f.
2, 13
Let w(y) = -y + 5. Let c(o) = -o. Suppose -u + j = -2 - 5, 0 = -5*u - 3*j + 11. Let p be c(u). List the prime factors of w(p).
3
Let u(r) = -2*r. Let s be 13/(-5) - 2/5. List the prime factors of u(s).
2, 3
Let x be (9/(-3) - 0) + 7. List the prime factors of 12*((-10)/x - -3).
2, 3
Suppose 2*a = 4*a - 372. What are the prime factors of a?
2, 3, 31
Suppose -11 = -4*b + 73. Let s = b - 8. List the prime factors of s.
13
List the prime factors of (-3)/(-12) - 6*(-237)/8.
2, 89
Let t be 1/((-1)/(-2)) - 4. Let h(u) = -2*u + 2. Let f be h(t). List the prime factors of (-2)/f + (-13)/(-3).
2
Let o(r) = -r + 4*r**3 + 2 + 2*r - 5*r**3 + 5*r**2. Let q = -2 + 7. What are the prime factors of o(q)?
7
List the prime factors of -3 + 24 + -4 + 4.
3, 7
Let r = 12 + 3. Let j = 21 - r. What are the prime factors of j?
2, 3
Let f = -122 + 127. List the prime factors of f.
5
Let f(v) = v + 16. What are the prime factors of f(-12)?
2
Let w(k) = k**3 - 5*k**2 + k + 1. Let v be w(4). Let u = v + 29. List the prime factors of u.
2, 3
Let x be 5 - 0*3/(-12). Suppose -2*f - w + 9 = 0, 3*f + 2*f + x*w = 20. What are the prime factors of f?
5
Suppose 4*t + 7*k - 2*k - 22 = 0, -2*t - 2 = -4*k. Let y be 28/42 - 86/(-6). Suppose 2 = -2*z, -2*g + t*z + y = -0*g. What are the prime factors of g?
2, 3
Let h = 51 - 28. List the prime factors of h.
23
Suppose 6*s = 3*s + 15. Suppose s*v = 2*k - 17, 39 = 3*k - 2*v - v. List the prime factors of k.
2
Let f = 151 - 99. List the prime factors of f.
2, 13
Suppose 8 = 5*c - 7. Suppose v + c*v = 12. What are the prime factors of v?
3
Let i = 10 - 9. What are the prime factors of i/(-4) + 595/28?
3, 7
Let p(r) = r**3 + 2. Let y be p(-2). Let w = y + 4. Let t = w - -9. What are the prime factors of t?
7
Suppose -r + 5*z = r - 111, r - 3*z = 54. What are the prime factors of r?
3, 7
Let z be ((-2)/6)/(2/(-246)). Let a = 75 - z. Let x = a - 19. List the prime factors of x.
3, 5
Suppose 0*c = -4*c + 12. Suppose c*t = -3*w + 12, -4*w - 2 + 0 = -5*t. What are the prime factors of t?
2
Let i = -76 + 32. Let x = i + 31. Let q = 21 + x. List the prime factors of q.
2
Let d(t) = t**3 + 10*t**2 + t + 7. Let l be d(-10). Let c be 19/l - 2/3. Let w = 15 + c. What are the prime factors of w?
2
Let x(t) = -7 - t**2 + 7*t - 3 + 3*t + 3. What are the prime factors of x(5)?
2, 3
What are the prime factors of 220/14 - 8/(-28)?
2
Let w be (20/(-3))/((-20)/210). Suppose 3*n + 6*b - w = b, 4*n - 99 = -b. List the prime factors of n.
5
Suppose 5*h = -0*h + 10. Suppose 3*u - 5*x - 38 = 0, -u + 2*x + x + 18 = 0. Suppose h*o = u - 2. List the prime factors of o.
2
Suppose 37 = -g - 4*w, -8*g + 4*w = -3*g + 65. Let l be (2/3)/(1/39). Let f = g + l. List the prime factors of f.
3
Let b = 94 + 89. What are the prime factors of b?
3, 61
Let a(s) = 11*s + 1. Let h be a(1). List the prime factors of (h/(-16))/((-1)/4).
3
Suppose -5*n = -0*n - t - 899, 4*t - 700 = -4*n. List the prime factors of n.
179
Let i be (-6)/24 - 245/(-4). Suppose c + c - 5*h = i, 3*h = -5*c + 75. What are the prime factors of c?
2, 3
Let u = 83 - 58. What are the prime factors of u?
5
Suppose -3*p = -p + 2*z, -2*p = -5*z. Suppose -d + 91 - 21 = p. Suppose 0 = -4*l - 3*y + y + 74, 5*l = 5*y + d. What are the prime factors of l?
17
Let h = 19 + -16. What are the prime factors of h?
3
Let t = -81 + 187. List the prime factors of t.
2, 53
Suppose 2*t - t = -3. Let n(d) = d**3 + 5*d**2 + 4*d - 1. Let h be n(t). Suppose h*r - 45 = -3*j, j - 22 = -0*j - 4*r. List the prime factors of j.
2, 5
Let a(n) = 2*n**2 + 3*n + 1. Let d be a(-2). Suppose r = d*r. Suppose 12 = b - r*b. List the prime factors of b.
2, 3
Let a be (1/(-3))/(2/12). What are the prime factors of (5 - a)/((-2)/(-6))?
3, 7
Let l(g) = -10*g**3 + g. Suppose 2*y - 5*z = 13, -3*y = -y + z + 5. What are the prime factors of l(y)?
3
Suppose -2*v = -4*d + 62, -5*v + 0*d - 207 = 3*d. Let s be 0 + v*2/(-2). List the prime factors of -1 + (s/3 - 2).
2, 5
What are the prime factors of (-3)/6 - ((-1470)/4)/5?
73
Let r = -18 - -30. Let c be (-3)/r - 579/(-12). Suppose -4*n + n + c = 0. What are the prime factors of n?
2
Let m(z) = z**2 - 11*z + 1. Suppose 0 = 2*y - 0*y + 3*j - 8, -5*y = -4*j - 66. Let u be m(y). What are the prime factors of 62/6 - (-3)/u?
2, 5
Let o(q) = -3*q**3 - 3*q**2 - 5*q - 3. Let m be o(-3). Suppose 4*w + 2 = m. List the prime factors of 10/(-15) - w/(-6).
2
Suppose 0 = 5*l - 2*k + 153 - 19, 3*l - 4*k = -72. Let g = 18 + l. List the prime factors of g/(-1*(3 - 2)).
2, 5
List the prime factors of 19 + (-3 + 3)/((-9)/3).
19
Suppose 0 = -3*i + 199 - 40. List the prime factors of i.
53
Let t = 89 + -61. List the prime factors of t.
2, 7
Let g be 2*-3*(-3)/2. Let x = 15 - g. List the prime factors of x.
2, 3
Let i(l) = 2*l**3 - l**2 - 5*l - 7. List the prime factors of i(4).
5, 17
Suppose 3*x - x = 0. Let m = x + 8. List the prime factors of 30/m - 5/(-20).
2
Let h(n) = -4*n + 1. Let j be h(1). Let g(v) = v**2 + 2*v + 2. List the prime factors of g(j).
5
Let f = 14 - 17. Let z = 29 - f. What are the prime factors of z?
2
Suppose -7*y = 2*t - 5*y - 360, 0 = -2*y + 10. What are the prime factors of t?
5, 7
Suppose 5*l + 5*f - 35 = 0, -2*f = 3*l - 9 - 11. Let p(x) = -x**3 + 6*x**2 + 8. List the prime factors of p(l).
2
Suppose 0 = 3*u - 8*u - 10. Let k = 13 + u. List the prime factors of k.
11
List the prime factors of ((-9)/6)/((-1)/18).
3
Suppose 3*q - 4*q + 6 = -5*d, -5*q + 93 = -4*d. List the prime factors of -18*(1 + q/(-6)).
3, 5
Let o = 95 + -78. List the prime factors of o.
17
Suppose -i - 11 = -2*v + 2*i, -13 = 4*v + i. Let d(f) = 3*f**2 + 2*f + 1. What are the prime factors of d(v)?
3
Suppose -2*l + l + p + 35 = 0, -p + 1 = 0. Suppose -31 = -3*g + g - y, -3*g + 2*y = -l. What are the prime factors of g?
2, 7
Let y = 24 - 14. Let p be (12/(-5))/(6/(-20)). List the prime factors of (p/(-5))/((-2)/y).
2
Let p = 5 + 1. Let m be 2/6*(-18)/p. List the prime factors of (3 - 2)/m*-5.
5
Suppose 0 = 5*n + 42 - 162. List the prime factors of n.
2, 3
Suppose 19*u = 20*u - 18. List the prime factors of u.
2, 3
Let z = -64 + 149. What are the prime factors of z?
5, 17
Suppose 0 + 24 = 4*w. Suppose -w*b = -2*b - 8. Suppose -18 = -2*c - b*o, 5*c - 29 = -2*o + o. List the prime factors of c.
5
Suppose -5*l + 97 + 113 = 5*f, -3*f + 3*l = -138. List the prime factors of f.
2, 11
Let s(f) = -f**3 + 9*f**2 - 4*f + 1. List the prime factors of s(8).
3, 11
Let f(y) = 6*y**2 + 11. List the prime factors of f(4).
107
Let h(w) be the third derivative of -w**4/8 - 7*w**3/6 - 2*w**2. What are the prime factors of h(-8)?
17
Let u = 31 + 12. List the prime factors of u.
43
Suppose -5*i + 27 = -2*i. List the prime factors of i.
3
Let o(u) = -3*u + 12. Let w be o(10). Let g be 15*(-3)/(w/14). What are the prime factors of 1/(-5) - (-322)/g?
3
Let c(h) = h**3 - 7*h**2 - h + 7. Let k be c(7). Suppose k = -2*u + 6 + 2. List the prime factors of u.
2
Let l be (4/(-10))/(7/(-35)). Suppose -3*i + 30 = l*i. What are the prime factors of i?
2, 3
Suppose g = -0*g. Suppose -3*k = 12, g = -t + k - 3*k - 3. Suppose -8 = v + t*h - 23, -3*h = -6. List the prime factors of v.
5
Let q = 35 - 15. Suppose -30 = 5*x + 3*o - 2, 5*x + q = -5*o. Let i = 24 + x. What are the prime factors of i?
2
Let g(v) = 2*v**3 + 11*v**2 - 3*v + 1. What are the prime factors of g(-5)?
41
Suppose -5 = x - 2*p - 3*p, 5*p = -x + 25. Let r be 24/10 + (-4)/x. Suppose 3*v - 32 = 2*j + r*j, -9 = 4*v + 5*j. What are the prime factors of v?
2
Suppose 7*v = 2*v + 5. Let r = v - 2. List the prime factors of (5 - -2) + r + 2.
2
Suppose -2*l - 58 = -4*l - 2*u, 3*u - 149 = -5*l. What are the prime factors of l?
31
Suppose -10 + 4 = -2*z. Suppose -z*q = -0*q - 39. List the prime factors of q.
13
Suppose 0 = f + 2*l - 35, -l - 14 = -3*f + 56. Suppose -5*u = -f, -4*y - y - 2*u = -55. List the prime factors